se 0 = -5*u + 593 + 567. Let o = -2323 + 2352. What is the greatest common divisor of o and u?
29
Suppose r = -2 + 77. Suppose -5985 = -122*i - 36*i + 25*i. What is the highest common factor of r and i?
15
Suppose -48 = -53*k + 59*k. Let a be (-2)/(-2)*(17 - (6 + k)). Calculate the greatest common factor of a and 2.
1
Let w(h) = h**3 - 39*h**2 + 6*h - 126. Let x be w(39). Let p be (-16)/(-12) + 474/9. Calculate the greatest common factor of x and p.
54
Let s(g) = -6*g**3 - g**2 + 5*g - 5. Let o be s(-6). Suppose 3*x + 882 = 21*x. Calculate the highest common factor of o and x.
49
Suppose -90 = 3*m - 8*m. Let t(y) = 12*y**2 + 2511*y + 5022. Let f be t(-2). Calculate the greatest common divisor of f and m.
6
Let v(b) = 2*b + 164. Let w be v(22). Calculate the greatest common divisor of w and 152.
8
Let d(v) be the first derivative of -11*v**2 - 133*v - 143. Let g be d(-7). Calculate the greatest common divisor of g and 7.
7
Suppose -347 = -5*s - u, 4*s = -2*u + 292 - 6. What is the greatest common factor of 4964 and s?
68
Let c(q) = 2*q**2 + 3*q**2 - 4*q**2 - 3*q + 20 - 6*q. Let w be c(13). What is the highest common divisor of w and 27?
9
Let x(d) = -61*d - 1568. Let p be x(-26). Calculate the greatest common divisor of p and 18.
18
Let t be (632/2)/(3 + -5 - -4). Let a = 162 - t. Calculate the greatest common divisor of a and 108.
4
Let x = -4466 + 6646. Calculate the greatest common divisor of x and 20.
20
Let y = -2419 - -2427. What is the greatest common factor of y and 26?
2
Let i = 9072 - 6888. What is the greatest common divisor of i and 1911?
273
Suppose 0 = 2*w - 3*m - 32925, -1003*m + 49397 = 3*w - 998*m. What is the highest common divisor of w and 196?
196
Suppose 2*d - 10 = 0, -2*m + 3*d + 67 + 2 = 0. Suppose 3*o = l + 43, 8*o - 9*o + 5*l = -19. What is the highest common divisor of m and o?
14
Let t(s) = 2*s - 18. Let i be t(11). Suppose -3*z = v - 131, 0 = i*z - v + 17 - 180. What is the highest common factor of 12 and z?
6
Let d(f) = f**3 - 16*f**2 + 20*f + 6. Let v be d(15). Suppose -v*g = -76*g - 160. Calculate the greatest common divisor of 96 and g.
32
Suppose v - 812 = 5*v. Let h = -179 - v. Calculate the greatest common factor of 56 and h.
8
Let k = -2036 - -2465. What is the highest common divisor of 156 and k?
39
Let x be (4/(-14))/(146/(-33215)). Suppose -3*m = -m - 216. Let k = -56 + m. What is the greatest common divisor of x and k?
13
Let v be 9*(6/4)/(84/1736). Let u = -107 + v. Calculate the greatest common factor of u and 129.
43
Let x be 17 - (4/12 + (-14)/6). Calculate the highest common factor of 1691 and x.
19
Let s(m) be the first derivative of 7*m**2/2 + 176*m - 122. Let w be s(16). Calculate the greatest common divisor of 18 and w.
18
Let p = -191 - -204. Suppose 2*q - 5*q + 4*i + 214 = 0, 2*q + 2*i = 166. Let d be (-48)/(-9)*(0 + q/8). What is the greatest common factor of d and p?
13
Let o be 196/105 + 2 - 12/(-90). What is the highest common factor of o and 2836?
4
Suppose 4*i - 7020 = -5*h, 82*h + 4*i = 86*h - 5652. What is the highest common factor of h and 264?
88
Suppose -5*k + 1642 = 4*j, 4*j = 95*k - 91*k - 1328. Calculate the greatest common divisor of 16005 and k.
165
Let z = -104 - -114. Suppose 30 = -2*g + 4*j + 120, -g - j + 39 = 0. Let u = g - 1. What is the greatest common factor of z and u?
10
Let m = 32 - 30. Let c be 78 - (6/(-9))/(m/6). Suppose 20 = -x + c. What is the highest common factor of x and 15?
15
Let j be 4/(-6)*((-8)/(-2) + -13). Let v be (-45)/(-2) + 27/j + -4. Let s be 20 + 9/15*5. What is the highest common divisor of v and s?
23
Let a = -26 + 30. Let d(m) = -m**2 + m + 18. Let w be d(a). What is the highest common factor of 96 and w?
6
Let a = 7272 + -6337. What is the highest common divisor of 4505 and a?
85
Let z(o) = o**3 - 3*o**2 - 20*o + 12. Let n be z(6). Let k(s) = -s + 99. Let t be k(n). Let p = t + 0. What is the highest common divisor of p and 11?
11
Suppose 2*q + 4*f + 1316 = 0, -4*q + 7*q + 1982 = 2*f. Let x = 681 + q. Let v be 7 + (-1 - -2)*-1. Calculate the highest common factor of x and v.
3
Let h = -21214 + 22132. Calculate the greatest common factor of 864 and h.
54
Let g(j) = 3*j**2 - 7*j - 13. Let n be g(5). Suppose -871 = -n*i + 26*i. What is the highest common factor of 67 and i?
67
Let t = 7487 + -7473. What is the highest common divisor of t and 298?
2
Let d = 4560 - 3778. Calculate the highest common factor of d and 161.
23
Let b be (-2 - (-1)/(-2))*(-36 + 24 - -8). What is the greatest common divisor of 4610 and b?
10
Suppose 90*v - 337755 = v. What is the highest common factor of 660 and v?
165
Let w = -6846 + 6890. Calculate the highest common divisor of 5632 and w.
44
Suppose 504 - 4152 = -23*u - 129. Calculate the greatest common factor of 6579 and u.
153
Let o(d) = -d**2 + 4*d + 168. Let y be o(13). Let t(z) = -4*z - 3*z + 0*z + 2*z**2. Let k be t(-5). Calculate the greatest common divisor of k and y.
17
Suppose -d = -1 - 0. Let n be (3 - -7)/5 - (-2 - d). Suppose 0 = 2*c - t - 20, 10*c - n*c - 50 = 3*t. Calculate the highest common divisor of 70 and c.
10
Let k be 6/18 + (-22)/(-6). Let v = 10431 + -10422. Calculate the highest common divisor of k and v.
1
Let x(m) = 2*m**2 - 4*m + 12. Let r be x(11). Let n = -170 - -174. Suppose 0 = j, -n*j = -3*w - 34 + 97. What is the highest common divisor of w and r?
21
Suppose -i + 4*v + 28 = 5*v, 5*i + 2*v = 137. Let r = i + 64. Let g(d) = -3*d**2 - 118*d + 231. Let o be g(-41). What is the highest common factor of o and r?
13
Suppose 0 = -38*j + 2791 - 2525. What is the greatest common factor of j and 427?
7
Let u(d) = 1067*d - 1307. Let n be u(19). Calculate the greatest common divisor of n and 116.
58
Let l be (-2)/(-9) - (-6524)/126. Calculate the highest common factor of 3068 and l.
52
Let f(h) = h**3 + 16*h**2 - 22*h - 40. Suppose s = -y - 20, -2*s - 40 = 3*y - 4*s. Let c be f(y). Calculate the greatest common divisor of 24 and c.
24
Let c be (-5 - -251) + (-1)/1. Let k(y) = y**3 + 5*y**2 - 40*y + 105. Let p be k(-10). Calculate the greatest common factor of c and p.
5
Let f(x) = 3 + 6 - 27*x - 2 + 0. Let i be f(-2). Suppose 0 = d + 39 - i. What is the highest common factor of 44 and d?
22
Let j be ((-14)/(-14))/((-1)/(-3)). Suppose 0 = -j*v + 8*v. Suppose -3*x + 48 + 42 = v. Calculate the highest common factor of 75 and x.
15
Suppose -16*d + 13*d + 1023 = 0. Let l be (22 + d)*(1 + 0). What is the greatest common factor of 33 and l?
33
Let c(y) = 95*y - 191. Let l be c(3). Calculate the highest common divisor of l and 1034.
94
Suppose 2726 = 5*w - v, -17*w + 1096 = -15*w + v. Calculate the highest common divisor of w and 63.
21
Let b = 1104 - 1860. Let o = b + 856. Calculate the highest common divisor of o and 340.
20
Let m be ((-134)/268)/((-2)/8788). What is the greatest common factor of 65 and m?
13
Let d be (-52)/(-78) - 40294/(-3). Calculate the highest common divisor of d and 73.
73
Suppose -3*v + 34 + 218 = 0. Suppose 26*q + 28*q + 3*q = 7*q + 5250. Calculate the highest common factor of q and v.
21
Suppose -2*w + y = -36 - 433, -3*y - 937 = -4*w. Suppose -9*l - w + 667 = 0. What is the greatest common factor of 20 and l?
4
Suppose 4*c - 7252 = -5*r, -52*c = -54*c - 4*r + 3620. What is the greatest common factor of c and 108?
18
Let j be (5 - 3 - -4)/((-18)/(-6)). Suppose -6*u + 28 = -j*u + 5*z, -5*u + 5*z + 35 = 0. Calculate the greatest common divisor of 35 and u.
7
Let u = 432 - 216. Let k be (-2 + -2 + 8)/(54/u). Let t = 205 + -77. Calculate the highest common factor of k and t.
16
Let b = 545 - 554. Let i(p) = 2*p**3 + 17*p**2 - 11*p + 10. Let h be i(b). Calculate the highest common factor of h and 476.
28
Suppose 2*c - 5*j + 15 = 0, 0 = 3*c + 2*j + 8 - 33. Let p be -2 + 242 - c/(5/(-3)). What is the greatest common factor of p and 81?
81
Suppose -26*b - 14*b = -11080. Let v = -268 + b. What is the greatest common divisor of 9 and v?
9
Let l be (-20996)/(-132) + (-62)/1023. What is the highest common factor of 265 and l?
53
Suppose 0 = 5*o + 10, -2*g - 287*o = -288*o - 11018. Calculate the highest common factor of g and 102.
102
Let g be 696/20 + ((-4)/10)/(-2). Suppose 0 = u + 16 - g. Calculate the greatest common divisor of u and 76.
19
Let c be 1/(-9) - 294/27. Let b be 3/(-1) 